te number?
False
Let m = -11 - -15. Suppose m*q - 212 = -2*k, 3*k = 4*k. Is q a composite number?
False
Let x be (0 + 3/(-3))*0. Suppose 3*t + 23 + 121 = x. Let q = t - -99. Is q a composite number?
True
Let a = -14 + 39. Suppose 5*w - 50 = a. Suppose g = 40 + w. Is g composite?
True
Let v(b) = 8*b**3 - 2*b**2 - 5*b + 4. Let p(t) = -3*t - 3. Let c be p(-3). Let d be (-1)/c + (-57)/(-18). Is v(d) prime?
False
Let s(u) = u**2 - 2*u + 1. Let l be s(1). Let t = l + 3. Suppose -t*h = -0*h - 171. Is h a composite number?
True
Suppose 0*n + n - 228 = -5*m, 0 = m - 4*n - 54. Suppose 9 = g + m. Let t = g + 63. Is t a prime number?
False
Let z(j) = 18*j - 15. Is z(6) a composite number?
True
Let b(o) = -o**2 - 7*o - 4. Let q be b(-6). Suppose -4*u + 3 = p, 0*u - 4*p = q*u + 2. Let s = u - -54. Is s prime?
False
Suppose 5*d = 2*z - 15 - 13, 4*z + 5*d = -4. Is (-58)/(-8) + z/(-16) a prime number?
True
Suppose -60*r + 4605 = -57*r. Is r prime?
False
Is (-992)/(-20) - 9/15 a composite number?
True
Let r = 708 + -331. Is r prime?
False
Suppose -4*a + 3*a = -i + 7, a = 0. Suppose t = i + 141. Suppose -k + t = 3*k. Is k composite?
False
Suppose 3*b + 2*k = k + 1440, 1933 = 4*b - 3*k. Is b a composite number?
True
Let y(x) = 8*x**2 - 4*x - 3. Let n = 2 + -5. Let t be y(n). Suppose 5*j - t = 2*r, 2*r + r + 69 = 4*j. Is j prime?
False
Suppose -4*r - 2*a + 60 = -r, 5*a = 3*r - 81. Suppose -6*o = -4*o - r. Is o a composite number?
False
Let q be (78/8)/(1/48). Is q/(-4)*(-2)/6 a prime number?
False
Let f(p) = p**3 + 7*p**2 + 7*p + 4. Let m be f(-6). Is (-199)/(-3) + m/(-3) a composite number?
False
Let j = 6 + -2. Is (44/(-6))/(j/(-6)) a prime number?
True
Let g = 7 - 3. Let l = -8 + 107. Is (-2)/(-8) + l/g prime?
False
Let f(d) = d**3 + 8*d**2 + 7*d + 2. Let z be f(-7). Suppose -613 = -5*w - z*c, 5*c = 5*w - 123 - 462. Is w a composite number?
True
Let i be -3 - (2 + -4) - -2. Let m(w) = -634*w**3 - 6*w**2 + 4*w + 5. Let s(l) = -1269*l**3 - 13*l**2 + 9*l + 11. Let a(y) = -9*m(y) + 4*s(y). Is a(i) prime?
True
Let s = -19 - -29. Suppose -605 - s = -5*b. Is b composite?
True
Let m(o) = 27*o**2 + 4*o - 5. Is m(6) a prime number?
True
Is ((-10)/(-8))/(2615/(-2620) - -1) a prime number?
False
Let n = 12 - 2. Suppose 0*y = 5*y - n. Is y a composite number?
False
Suppose -2*g - 3*s = -194, 168 = 4*g - 5*s - 198. Is g a prime number?
False
Let l = -1100 + 2346. Suppose -230 = -4*x - l. Is x/(-5) - 1/(-5) prime?
False
Let t(w) be the third derivative of -w**4/12 - w**3 - w**2. Let d be t(8). Let h = -3 - d. Is h a composite number?
False
Suppose -q - 4*q + 20 = 0. Suppose 3*d = 2*a + 4 + 12, 0 = 2*d + q*a. Is 310/(4/(d - 2)) composite?
True
Suppose -3*p - 8 = -5*n, 4*n + 27 = -3*p - 26. Let b = -40 - -58. Let c = p + b. Is c a composite number?
False
Let j = -189 - -302. Is j a composite number?
False
Is (2608/(-32))/((-2)/4) prime?
True
Suppose -4*y + 6*y = 0. Let k(f) = -f**2 - 5*f - 4. Let x be k(-3). Is y - -1 - (-26 + x) a prime number?
False
Let o(z) = -2. Let v(d) be the second derivative of d**3/6 + 3*d**2 + 2*d. Let w(q) = -8*o(q) - 3*v(q). Is w(-2) a prime number?
False
Let z = 892 - 411. Is z a prime number?
False
Suppose -3*l + 36 = l. Suppose -h - 2*h = l. Let g(x) = -2*x**3 - 2*x**2 + x + 4. Is g(h) prime?
True
Let v(u) = 99*u - 19. Is v(4) a prime number?
False
Suppose 0*i + 5*w - 1051 = -4*i, 5*i - w = 1292. Is i a composite number?
True
Suppose -13 = 4*b - 45. Is (b/10)/((-4)/(-50)) composite?
True
Let c = -1567 - -3402. Is c prime?
False
Let a(r) = r - 2. Let s be a(4). Suppose -d - 2*d = -15. Suppose d*v - s*v = 42. Is v a composite number?
True
Suppose 0 = -0*i - 2*i + 50. Is i a composite number?
True
Let h = -7 + 11. Suppose h*s = 2*t + 236, -4*s - 4*t = -t - 236. Is s a prime number?
True
Let d be ((-16)/10)/(4/(-90)). Let r = -56 - -125. Suppose r = 3*o - d. Is o a prime number?
False
Is -3 - (-8 - -3) - -899 a composite number?
True
Let x(j) = 68*j**3 - 9*j**2 + 5*j - 1. Is x(3) prime?
False
Let s(l) = -l**2 + l - 1. Let o be s(1). Is (-124)/(-6) + o/(-3) a prime number?
False
Suppose -4*j = a + a - 24, -3*a - 2*j + 16 = 0. Suppose 0 = 4*d - 0*c + 5*c - 41, a*c = -5*d + 30. Is 1/2 + 130/d composite?
True
Let x(q) = -8*q**3 - 7*q**2 - 8*q + 16. Is x(-7) prime?
True
Let j = -1011 + 1460. Let z = 750 - j. Is z prime?
False
Let f(l) = -l**2. Let p be f(4). Let s = 23 + p. Suppose 0 = s*d - 2*d - 475. Is d a prime number?
False
Suppose -4*m = -1 - 11. Let w be 1/(m/(14*3)). Is -7*w*(-4)/8 a prime number?
False
Is (-4)/6 + 2715/9 a prime number?
False
Let g(c) = 14*c**2 - c - 7. Is g(-6) prime?
True
Let n = 8 + 1. Let m(z) be the third derivative of z**6/120 - 3*z**5/20 + z**4/24 + z**3/6 - z**2. Is m(n) a prime number?
False
Let a = 266 + -135. Is a a composite number?
False
Suppose 3 = -0*j + j, -3*f + 5*j = 15. Let n = 2 + f. Suppose n*y - 15 = 143. Is y a composite number?
False
Let j be 30/(-24) - 1/(-4). Is (-137)/j - -1*2 composite?
False
Suppose 4*c - 123 = 3*v + 8, 3*c - v - 97 = 0. Let f(p) = -2*p + 59. Let d be f(-19). Let x = d - c. Is x a composite number?
True
Let z = 2 - -2. Suppose 4*j - 201 = 3*j + 2*d, z*d + 607 = 3*j. Is j a composite number?
True
Suppose 0 = h + h. Let f = h + -3. Is (15/(-10))/(f/20) a prime number?
False
Let c be -5 + (2*-1)/(-1). Let n = 6 + c. Suppose n*r - 4*i - 83 = 0, 5*r + i + 16 = 185. Is r a composite number?
True
Let p(w) = w**2 - w - 2. Is p(4) prime?
False
Suppose -16*d = -3*d - 18499. Is d prime?
True
Let c(i) = 18*i + 1. Let r be -2 - (2 - -2)*-1. Is c(r) a composite number?
False
Suppose v - 111 = -4*y, 0 = -4*v + y + 4*y + 549. Is v composite?
False
Let i = 8523 + -4676. Is i composite?
False
Let l(j) = -132*j**2 - 2*j - 2. Let x be l(3). Let o = 814 + x. Let q = o - -635. Is q prime?
False
Let y = -7 - -9. Is (-33)/y*(-34)/3 composite?
True
Let x be (126/(-56))/(6/(-2624)). Suppose 4*h + 164 = x. Is h prime?
False
Suppose -5*a - 350 = 2*i, -2*i + 2*a - 487 = i. Let r be (-2)/(-4) + 986/4. Let u = i + r. Is u a prime number?
False
Let w(c) be the second derivative of -23*c**3/6 + 2*c. Is w(-1) a composite number?
False
Let u = 11631 + -8304. Is u composite?
True
Let v be (-8)/10*(-40)/4. Let z be 3*(v/(-6) + 2). Is -6*(-2 + 0) - z a composite number?
True
Let r be ((-15)/(-12))/((-3)/(-132)). Suppose -r = -0*g - 5*g. Is g a prime number?
True
Let z(q) = q - 5. Let y be z(9). Let b be (1 - 4)/((-3)/y). Let p(t) = 3*t**3 - 3*t**2 + t + 1. Is p(b) prime?
True
Is (7/28*2)/(1/166) prime?
True
Let x be 20/(-8)*(-4)/5. Suppose 4*c - 301 = -d - 2*d, -x*d + 69 = c. Suppose -5*v - 3*l + 7*l = -c, -49 = -3*v + 2*l. Is v prime?
True
Suppose -5*h + 6*h - 163 = 0. Is h composite?
False
Let k(j) = 6*j**2 - 1. Let u be k(1). Let r(q) = q - 1. Let h be r(u). Suppose -z + 15 = h*z. Is z a composite number?
False
Suppose g + 260 = 3*g. Let y = g - 41. Is y composite?
False
Suppose 4*h = -2*q + 2, -h + 2*h = -4*q + 11. Is (-53)/((q - 2)/(-1)) composite?
False
Suppose 3*c = -9*m + 4*m + 2432, -3*m + 1444 = -2*c. Suppose 0 = -u - 3*u + m. Is u composite?
True
Is (-1758)/(-4) - 13/26 composite?
False
Suppose 0 = -5*g - 3*h + 947, -18 + 2 = -4*h. Is g a prime number?
False
Let m(f) = 13*f + 11. Is m(8) a prime number?
False
Let z(m) = 6*m. Let h(d) = d. Let y(j) = 5*h(j) - z(j). Let w be y(0). Suppose -2*k - a = -k - 11, w = 4*a + 16. Is k a composite number?
True
Suppose -621 = -0*j - 3*j. Let s = j + -128. Is s prime?
True
Let u = 82 + -9. Is (-1 - u)*3/(-6) a prime number?
True
Suppose 5*o - 280 = 135. Is o a composite number?
False
Suppose 10*x - 5*x = 1295. Is x a prime number?
False
Let h = 10 + -7. Suppose -h*d = d - 220. Is d composite?
True
Suppose 0 = 2*t + 7 - 31. Let u(y) = -y**3 - 11*y**2 + 11*y - 3*y**2 + t + 5*y**2. Is u(-10) prime?
True
Let s = -3 - -3. Suppose 4*b + 2*w = 288, -3*b + s*w = 4*w - 211. Let d = b + -42. Is d a prime number?
True
Suppose h - 155 = -5*d + 62, 0 = 4*d + h - 173. Let i = 63 - d. Is i a prime number?
True
Suppose 7*n - 3286 - 2209 = 0. Is n prime?
False
Let c(s) be the first derivative of -2 + 0*s - 2*s**3 + s**2 - 1/4*s**4. Is c(-7) a composite number?
True
Let b(c) be the third derivative of c**6/6 + c**5/30 + c**3/6 + 3*c**2. Let h(a) = -a**2 + 5*a + 2. Let k be h(5). Is b(k)